True
Suppose 4 - 7 = -z. Let w be 6/18 + 5/3. Suppose 39 = w*m - z. Does 7 divide m?
True
Let l(z) = -z - 9. Let r be l(-11). Suppose 10 = -j + 5*f - f, -4*j + r*f = -16. Is j a multiple of 3?
True
Let b(o) = -3*o**2 + 9*o + 6. Let m(u) = -3*u**2 + 8*u + 5. Let l(z) = 5*b(z) - 6*m(z). Let s be (-8)/(-6) + 2/3. Is l(s) a multiple of 3?
True
Let g = -10 - -35. Let o = -13 + g. Does 12 divide o?
True
Suppose -l + 35 + 6 = 0. Suppose -3*g - l = 19. Is 1/3 + g/(-3) a multiple of 3?
False
Suppose -5*t = -4*t - 4. Suppose 4*j - t*p - 81 = -j, 4*j - 71 = -3*p. Is 17 a factor of j?
True
Let n = 66 - 33. Does 11 divide n?
True
Let p = -12 - -29. Let j = p - 10. Does 4 divide j?
False
Let r(j) = j - 6. Let p be r(11). Suppose -p*d + 38 = -17. Is d a multiple of 6?
False
Let q(f) = f**3 - 7*f**2 + 8*f - 8. Let o be q(6). Suppose s + o = -2. Is 5 a factor of (-84)/(-15) - s/(-10)?
True
Suppose 0 = f + 3 - 8. Suppose 5*i - 62 - 73 = -5*g, -f*i - 4*g + 133 = 0. Is i a multiple of 10?
False
Suppose 3*t + 0*t + 9 = 0, -2*t + 2 = a. Let k = a + -5. Suppose 5*s - k*f = 21 + 69, -2*s + 4*f = -22. Is 14 a factor of s?
False
Let a(f) = 10*f**2 + 6*f + 4. Is a(-2) a multiple of 16?
True
Is ((-95)/(-10) + -3)*6 a multiple of 13?
True
Let v(z) = -23*z. Let b be v(1). Suppose -5*r - 93 = 2*q - 2*r, -q + 4*r - 19 = 0. Let h = b - q. Is 5 a factor of h?
False
Let n be (3/(-6))/(1/(-6)). Suppose 3*s = -2*o + 42, n*o + 5*s - 7 = 2*o. Does 9 divide o?
True
Let g(t) = -t + 1. Let n(x) = 7*x + 4. Let s(q) = -3*g(q) + n(q). Is 11 a factor of s(1)?
True
Suppose -4*t + 10 = 2*f, -2*f - 20 = -2*t - 0*t. Let r(y) = y - 5. Let q be r(t). Suppose 0 = -4*b + 4*x + 40, 2*b = 3*x - q*x + 19. Does 10 divide b?
False
Let y(m) = 5*m. Is y(12) a multiple of 20?
True
Let x(q) = 2*q + 1. Suppose 0 = -4*s - 5*p + 34, 25 = -5*s - 4*p + 72. Does 23 divide x(s)?
True
Let h(m) be the second derivative of m**5/20 + m**4/2 - m**3/6 - 3*m**2/2 - 2*m. Let x be h(-6). Suppose 14 = -x*w + 83. Is w a multiple of 10?
False
Let f = 23 + -22. Is (-1 + 105)/(2/f) a multiple of 26?
True
Suppose -g = -61 - 1. Is g a multiple of 31?
True
Let m be ((-8)/6)/(2/(-6)). Suppose 3*b - 4*a = -5, 0 + 2 = m*b - a. Is 9 a factor of 9 - ((-2 - -1) + b)?
True
Let n = -23 - -30. Does 7 divide n?
True
Let n(j) be the first derivative of 3*j**4/4 - 2*j**3/3 + j**2/2 - 3. Let g(d) be the second derivative of n(d). Does 15 divide g(3)?
False
Let l(b) = -b**3 - 4*b**2 + b + 5. Let w be l(-4). Let r be (w - 5/(-2))*-4. Does 9 divide 4/r + (-184)/(-7)?
False
Let u(g) = 3*g - 4. Let n be 111/9 - (-4)/6. Let v = n + -8. Does 11 divide u(v)?
True
Let l be 50/8 - (-42)/56. Suppose -115 = 5*j - w, w = -4*j - 65 - 27. Let x = l - j. Is 12 a factor of x?
False
Let g(d) be the third derivative of d**7/840 + d**6/180 + d**5/40 - d**4/12 + d**2. Let a(u) be the second derivative of g(u). Does 8 divide a(-3)?
False
Let b = -4 + 6. Suppose 6*u + 12 = b*u. Is 8 a factor of (0 - -1)*(-51)/u?
False
Suppose 3*x + 4*k = -1, -3*x = -4*x - 5*k + 7. Let y(c) = -c**3 - c**2 - 4*c - 4. Is y(x) a multiple of 13?
True
Does 2 divide 20/6 - 2/(-3)?
True
Let a = -79 - -54. Let u = a - -42. Let h = 33 - u. Is h a multiple of 8?
True
Let s(a) = a**2 - 3*a + 3. Is 8 a factor of s(7)?
False
Suppose -65*s + 100 = -64*s. Is s a multiple of 25?
True
Suppose -24*s + 112 = -8*s. Is s a multiple of 4?
False
Suppose 4*c + 3*c = 2394. Is c a multiple of 10?
False
Suppose 2*y - m - 11 = -4*m, 5*m = y - 38. Suppose 2*k - 5*k = 0. Suppose k = -0*z - z + y. Is 7 a factor of z?
False
Suppose 5*y - 7 = 13. Let s = y + -7. Is 12 a factor of 14/1 + 1 + s?
True
Let l(q) = -4*q + 8. Does 18 divide l(-7)?
True
Let s(z) = -2*z - 9. Let u be s(-6). Suppose t + 3*v + 6 + 3 = 0, -12 = u*t + 4*v. Suppose t*j + 16 = j. Does 16 divide j?
True
Let k(t) = 6*t**2 + 2*t - 4. Does 32 divide k(6)?
True
Suppose 0 = l + 3 - 0. Let w be (0 - 74)*l/2. Suppose 3*u - c - w = 4*c, 5*c = -2*u + 49. Is u a multiple of 19?
False
Let i = 4 + -2. Does 14 divide -1 - -1 - (-16 - i)?
False
Let f(l) = -l - 5. Let b be f(-5). Suppose b = -2*u - 0*u + 4. Does 13 divide (u - 1)/((-1)/(-38))?
False
Is 12 a factor of 44*(-2)/6*-9?
True
Suppose -3*u + 2*j = 5, -2*u + 2*j = 6*j + 14. Let m be 0 - (45/u + 3). Is 18 a factor of (m/5)/(12/90)?
True
Let r(t) = 64*t + 2. Let z be r(6). Let h = -266 + z. Suppose 7*u = 2*u + h. Does 9 divide u?
False
Suppose 0 = 4*g - 0*g - 8. Suppose -g*r + 36 + 36 = 0. Let d = r + -12. Is d a multiple of 24?
True
Is 4 + 0 - (-9 + 8) a multiple of 2?
False
Let c = -89 - -149. Does 20 divide c?
True
Let q(i) = -4*i**2 - 16*i - 3. Let t(m) = -5*m**2 - 17*m - 4. Let b(r) = 4*q(r) - 3*t(r). Let d be b(-6). Let a = d - 20. Is 11 a factor of a?
True
Suppose 0*p = -p + 37. Let z = p + -11. Is z a multiple of 9?
False
Let g(f) = -f**3 + 7*f**2 - 6*f + 5. Let j be g(10). Let l be 3/(-9)*(1 + j). Is 22 a factor of (l/8)/(5/20)?
False
Let t = 21 - 19. Suppose t*x - 5*u = 74, -x + 56 = x + 4*u. Is x a multiple of 6?
False
Suppose 4*z + 0*z - 3*g = -3, 0 = -4*z - 2*g + 22. Let m = -4 + z. Let x = 2 - m. Is x a multiple of 2?
False
Suppose 3*w = 2*i + 5*w + 9464, 5*i + 23624 = 4*w. Does 9 divide 4/22 + i/(-132)?
True
Suppose 2*f - 3*f + 4 = 0. Let k = f + 4. Suppose -2*i - k = -3*i. Is 6 a factor of i?
False
Let z = 29 + 60. Is z a multiple of 19?
False
Suppose 289 + 751 = 5*h. Does 13 divide h?
True
Suppose 5*n = a + n + 16, -4*a + 4 = n. Suppose a*z = -3*z + 36. Does 6 divide z?
True
Does 7 divide 57*((-24)/(-9))/4?
False
Suppose -169 = 5*h - 524. Is h a multiple of 15?
False
Let d(g) = -g**3 - 4*g**2 - 3*g - 3. Let z be ((-4)/3)/(6/18). Is d(z) a multiple of 9?
True
Suppose 16*l = 7*l + 72. Is 5 a factor of l?
False
Let u(y) = -19*y**3 + y - 1. Let l be u(1). Let k = 28 + l. Does 9 divide k?
True
Does 13 divide 3/9*9 - -38?
False
Let m(j) = -j**3 - 6*j**2 - 7*j - 2. Is m(-6) a multiple of 20?
True
Suppose -33 = -3*o + 3*u - 0*u, 0 = 4*u. Is 11 a factor of o?
True
Let v be -7 - (-3)/(-6)*-2. Let z(k) = k**2 - k + 8. Does 10 divide z(v)?
True
Suppose -5*d + 3*g + 440 = 0, -3*d - 2*g = -0*g - 245. Let x = -7 + d. Does 26 divide x?
True
Suppose 3*o = 3, -o = -3*n - 2*o + 1. Let x be -3 + 1/3*n. Is (x/2)/(3/(-28)) a multiple of 5?
False
Let n(h) = h**3 + 7*h**2 + 4*h. Let z be n(-6). Let q = 16 + -6. Let a = z + q. Does 11 divide a?
True
Is (3/9)/((-3)/(-36)) even?
True
Let n(t) = 7*t + 27. Let y(u) = -4*u - 14. Let q(c) = -3*n(c) - 5*y(c). Is q(-13) even?
True
Suppose 3*b - 2*b = -15. Let u = b - -26. Does 6 divide u?
False
Suppose -10 = -3*s - 2*s. Let f be (-1)/(s*1/2). Is 13 + (0 + 1)/f a multiple of 4?
True
Suppose -4*i = -4*b + 156, 3*b - i - 55 - 56 = 0. Does 6 divide b?
True
Let y = -4 - -8. Suppose 69 = y*g - t + 18, -5*t = 15. Does 6 divide g?
True
Suppose 3*n - 102 = 2*x, 17 = -3*x - 3*n - 151. Let g = -30 - x. Does 12 divide g?
True
Let y(d) = -d**3 + 7*d**2 + 5*d + 8. Is y(6) a multiple of 37?
True
Suppose 0*o = -3*c + o + 26, -3*c + 14 = 5*o. Does 7 divide c?
False
Let n = 62 - 40. Is 12 a factor of n?
False
Let w be (1 + 0)*61*1. Let r = 93 - w. Suppose r = -2*j + 4*j. Is 11 a factor of j?
False
Suppose -6 = 5*k - y, -4*k - 5*y = -0*y + 28. Let c be (k*1)/(-4)*4. Suppose 3*q = -c*q + 135. Does 13 divide q?
False
Is 0 + (-2)/6 - (-7771)/57 a multiple of 17?
True
Let v(h) = 12*h - h + 6*h + 0*h. Is 17 a factor of v(1)?
True
Let i(m) = m**3 + 12*m**2 - 15*m - 5. Is 7 a factor of i(-13)?
True
Let z be (2 + (0 - 1))*0. Let u(t) = 3 + 14*t + z*t - 2. Is 15 a factor of u(1)?
True
Suppose -2*q - f + 45 = 0, 0*q + q = -3*f + 20. Suppose 11 = -l - 0. Let w = q + l. Is w a multiple of 5?
False
Let b(t) = 12*t**2 + t. Let r(a) = a - 8. Suppose 5*j = -2*k - 3*k + 10, j + 2 = -2*k. Let v be r(j). Does 13 divide b(v)?
False
Suppose 0 = 7*p - 2*p - 460. Does 20 divide p?
False
Let f(a) = -4*a - 16. Let v be f(10). Is 11 a factor of (3 - v/12)*6?
False
Let c(o) = -o + 0*o + o - o. Let x be c(-9). Let u = x + 12. Is 8 a factor of u?
False
Let c be 261/(-81) - (-2)/9. Let d(z) be the second derivative of -3*z**5/20 - z**4/4 + z**3/3 + z**2/2 + z. Does 13 divide d(c)?
False
Suppose -2*z - z = 4*q - 143, 4*q - 98 = -2*z. Let n = 63 - z. Is n a multiple of 18?
True
Suppose 0 = 2*u + 8 - 52. Is 11 a fact